{"id":165,"date":"2014-03-15T20:29:10","date_gmt":"2014-03-15T17:29:10","guid":{"rendered":"http:\/\/traumatologas.lt\/?page_id=165"},"modified":"2014-12-01T21:59:13","modified_gmt":"2014-12-01T19:59:13","slug":"ruosiames-operacijai","status":"publish","type":"page","link":"https:\/\/traumatologas.lt\/?page_id=165","title":{"rendered":"Ruo\u0161iam\u0117s operacijai"},"content":{"rendered":"<p>Atmintin\u0117 prie\u0161 operacij\u0105<\/p>\n<p>Kraujo tyrimai, kuriuos reikia atlikti prie\u0161 gulantis \u012f ligonin\u0119<\/p>\n<p><img decoding=\"async\" src=\"data:image\/jpeg;base64,\/9j\/4AAQSkZJRgABAQAAAQABAAD\/4QAqRXhpZgAASUkqAAgAAAABADEBAgAHAAAAGgAAAAAAAABHb29nbGUAAP\/bAIQAAwICCAgICAgICAgICAgICAgICAgICAgICAgICAgICAgICAgICAgICAgICAgICggICAgJCQkICAwNCggMCAgJCAEDBAQGBQYKBgYKDQ0MDQ8NDQ0NDQ0MDA0NDQwMDAwMDQwMDAwMDAwMDAwMDAwMDAwMDAwMDAwMDAwMDAwMDAwM\/8AAEQgA8AFAAwERAAIRAQMRAf\/EAB0AAAAHAQEBAAAAAAAAAAAAAAIDBAUGBwgAAQn\/xABJEAABAwEFBQUECAIIBgEFAAABAAIDEQQFEiExBgdBUWEicYGRoRMyscEIFCNCUmJy0TPhJGNzgpKywvAVFkOi0vE0F1ODk8P\/xAAcAQABBQEBAQAAAAAAAAAAAAAFAAIDBAYBBwj\/xAA2EQACAgIBAwMDBAEDAgYDAAAAAQIDBBEhBRIxE0FRIjJhBjNxgRQVI0KRwVKCobHR4RYkNP\/aAAwDAQACEQMRAD8A+qaQjkhHJCOSEeFIRXt9Z2qQ8gwf9qP4q7ajO3Pd2xVEExk4eAmMcgSjJECaFxjj2i4I8TkILcF1CAtC4xBoKZ7jkZ1+kVa7ey0NfGZmwBgDDE54bUe9iLcsVToeFFosB1pfUBstz9irLLtlbHgRyPmcwHR73kdNSUch6UHtNAiyE5eScbWQO+pwFjnBnaY6hp2hQ5gU4Oqo3au\/gkjBa0Z6vbZp8bnymQubkCzMVbXME1+CNU3uS0DralF7ET4YX5mQtw6tqR3UPVTtaZEnsQiyNtEgZETGCCMVSagUoCK\/7omuWltj1HZfO5XZFxkijxFxLgDmRXnxQvJyF2+p8FyuOvIq3nWeaC2yPgxtq8lhYS1wp2ciKZmlaqjV9cNy0WNa8DLd9\/3pK8NbJbXEmlGvnJ9CmuupedEqdnsbC2SbMLNCLR\/GDAHmtTUcSeZGpzqVkrlDvfaaCjiI5vKron0eBdEDamsR6khHtE4QFwXBBT2pyGsJcnRGNCS1nIq5W+SnctxaJnstJWzx9BTyJCC5K\/3WEsJ\/7MV8Dsq5fPUhHJCOSEckI5IRyQjkhHlUhBNrtQY1znZBoJJ6BOhHuekRzn2xbfsV7ZCXl0jhQvcXEctKDwFAtC\/pior2M\/H6m5DrG1V2WgYCaxx7RRj0DauD9HpTRaAOT0LkCV04cGprEepp1AmlJNnWthNtsLJWlkjGvYdWuAcPWufXVOjNxe0xjri0VDvb2Zihs7IomkBzi8gkkCgDcq8P2Wk6fOVzewNlwVfgxjt5tfIHOjAawZjLNx04nTwC2dVagjM2zbeis7VbCTr4qy2mQJMX3Jfb4nhzdeR0VecU0Txk0bG+jBeJknikkDWk1AAJppSufOulSgHVa+ylxiEseW3yabs1zxMcXtjaHn71KuHQHUDoCFi53SaSbNRCiCQsc\/8A3VVydRigAS7fq2OS0tAaLpxHlE7R0E1MO6BNCWhrYMhd2dAOC61oQW4LqGsIeF3ZxiaZinrenshlEeNibf78J1Bxt6g+95H4jqq2bDnvXudwbNN1sloQwMHqQjkhHJCOSEckI5IRyQjxI4RLbO3VLIRx7T6fhB7I8T8ESxK9\/V8AnOt3qK\/sQWWPJX5sr1x0LGhV9k4MBMbHJHUTfHgejnSACpIAGpJAHmck7UnwkRu1LyNj9rLKDQ2mAHl7Vn\/knqmz\/wALOetH5DoL5hf7k0T\/ANMjXfApenJeUxK1P3FaYSJ\/k9ak0dBJujp7RLQtnUTRb4KV3+3pIwta2J7+xq0EgVPRpz6LW9HrTizOZ89y0Yd2suzHIS7HXlhpTvJJ+C2SijPzQxDZ5vJ\/mP8AwUvYiLbBf8DbX3nN5aO\/8VxwR1NmiNylrmYY\/ZxyOaHCsga4Mb1rQg6Z9rJDsuMXFqRfplqRtthqBzoK99M15dNaZtKpbielqYTAaJ4jwhIQApabF3aPHyAZk0HM5BOUH40Nc4\/IldtDZ26zxDvkZ+6k9Cb9mRu6HyG2W+YZMo5Ynnk17XHyBKa6pR5aYldB+4qcFHy\/JJtewBwS2d1sLe1dQ0TyNT0xk1tCJ1oMb2yN1Yanq3iPEetFb0rK3BlOxuDUkWTZ5g5ocDUEAg8wVnnHteg\/CXck0GLg85IRyQjkhHJCOSEckILkfQE8vRJLfA2UtLZXMVoMsj5T989n9I90eXqVoYx7K0kZtNyscmOsTVE2XIoOCh37EmtEV2w3l2WxZSOLn6+zZQu8eDR3q7Thzu8ePkrWZMaymtp\/pG2l9W2eNsI5++7zIAH+FHqulQjzJ7BE8+Uvt4Km2g2stFodimmkkP5nEjwGg8AEVhRXD7UUZzlLyxsgtim0iLbHSC8SEx1p+w5SaJHcG8y02c0jmeB+HES3\/C6oVWeLXLhpFmF84vyXLu737Cd7YLSGse7JsjcmuPJwzAJ5g06IDldOcPqj4CdOZ3PTLgagnjyFk+OBs2o2kjskD55PdZTIakk0AHDM8VJVX6stJjLLO1FS339JBpY5sELmyHJr3uaQ3maAZkcBoj9XR3vc2BbOo8aSK62tu61WuGOYzyPk7fYa8h4qahxI4cA0UpQLQUKFL7UtAuxzs+plV223W+EuEmMt0+2YX+WMFGoOEgfPuQ1TbUvd\/wBKH\/8AU0J7UfkZ3S+A2zbSWtxpBCKkUGCEehDQVzUfkduT4LL3bbLWoyNnthlYGe7jLiSSMm4CdDx0yQzKsj28clyqt+SUbK747VdsrobSX2mFophLu03IYXRucCaUp2XGndTLM3YMbFtLTDVWU4cFwbB78LLb5RCxkschaXD2gZhNNWgtcTWlSMhx7kGvwZVLbCdOTGxlg0Q5cl7Wxm2n2ohskTpZnAADIVzceQ71bpx5WPSK1l6rM+bS7\/bTM4thPsI\/ye+R1eRXyotFj9PgvuQFvzH7EPtW1Ej\/AHnucebnEnzJRuNMIrSQMlbKXOxptl5nqpkkQNtjWbca8QuSjF+UJNonOzG9i22YAMmc5vBshxtH+Kpp0qFRtwa7f+P9luvKshxstnZn6Qkb6NtMWA\/jjNQOpYc6dQT3IJf0eS5g9herPX\/ItW7ryjmYJInh7HaOaaj+R6GiATrlU+2SC8Jxl4DJGpq4O\/gR2iKqtVvnZVtiSDYi8MTHRnWM5fpdp5Go8EPza+2XcvctYVnDg\/YkwKHhM9XRHJCOSEckI5IR4kIj+2tuww4RrIcA7jm7\/tBV3Er75\/hA\/Mn2w18kfsMNAis3zwDa19PIvY1Vd7ZbT4KX3w76\/YVs1lIx5+0lBFGflZT735uC0OF0\/u+uz+kBMnN57YlAC2OkcSSSSSSTxJWi0orSBKcm9sNns1AmNL2Hpr4GW1J8Rr0Jo3ZpxwcIyo9jgPtU77uBu9DjdcZc5pHA18k1x2u06vOzRWwu9vstjl7VMgScwPgUDyumqX1RCdGS48MtNwhtURaQ2WJ+TmkVB6EcCNeazLhKiQd3G2PBXe0\/0fbJIMVm+wkGdDV0buQIrVve2vcUUp6lZF6lyU7cKMvBV28bZaWBrMYLD2m9l1WuLaEEEaggjyR2rIjc9p7BVlThwU3tLtC4MLWzvBNCA0muXWtAjlD17Ay2O\/cry03xbnGvtpP8Z\/dX3OJU7JfI7bNX1aRI32k8mEV++4jMcq81Wm9rSJIp75ZeG7e5H2ieMe0LsTgAKk686oRkv0q3KQQrbfCLqvLcTFapjLOcDa0DWe+5oyFTWjcgDo7wWefU+yOktsLVYbl93BKtjt1VisLi+CMh5FMbnF7gOQrpX1Qy3LsyFyEa8WNb2F7Z7y4bKMIpJLxFcm\/qPPoPGimoxJWvbWhtuQorSM27wNrJbY4ue6oGg4DuC0VVarWkBLLHN8kLjdTXmiUEUptCiB6lfAwJtrlzY3Q3iTNc5EtD5d7apvI9aHCSHknKXb4OOIp2X3g2ixSh8TsssTDXC8Dg4fA6joq9+NC6OiSm+dbNT7Fbbw2+ESx5OH8SMnNjvmOTuPRYvIxpUvT8GppvVi17jxKxV4EtiC7otXsp2O4O7DvGlD50U90fUq\/gpxfpWJ\/JYYKz\/jg0PnkEunTkhHJCOSEckI8JSObILtTasdoDeETf+5+Z9A315o3iR7YOXyAcqffZ2\/AOBq7N\/BLFIrXfNvL+qxmCIj2zx2nD7jeQ6u9EY6dierLvl4QKzcnsWomW7TVxLic6rUbS4QES29iqzGiYybQZLPVJHBstcaeiJieCHNcbHpCqR9E1IcEBtU7wMJVZ7P7GDEcnSe73c0nwPSIXtHt++zlrY6GSle1o0cKgak+XerVdDl9TK9lmvA67FfSAvGF1RPkaYm4W4T4HiuW9Ppv8obDMsr8Frxb\/AG8pXAiSKOJrauLYgS7xJ1Kz0ukVxk\/IYh1BtDRt5vWmttmBma0UdJgw5EMDQKk8Tiry0V7DwoV70VrclyMy3tbHl+WYWgVekCZWbYbBY5XCoHmQPiQmND9jda7VI08RTXonQgMci+vo67Z+ztcTjmAQXuP3RTQdc9VSz8f1qXEnptcZbJ9em\/28mElskYMb3RyxGJpbVjsJc3jQ0OWoWX\/wK2uQ4suTREdt\/pM3mR2Jmwl2gjY3Ic6kE1V2jplJXtzJlbXfvdme8MtBDsZAx+6QScsXAivHLmic8ZQ+0prIcvJJrPb+1Q+KpOOi2ntB162ClKaEVCtQZXlERxvoVK0Q7FdpjxN6pg72GxkGamRH4H2xNoms6mLjLkmNEiY2W2zVT4Ec0POwe1UthmbKw5Vo5vB7eLSq2RjK2LRYovdbNaXHfkdpibNEatdw4tPFp6t9fFYW2mVc+01Ndqsjs8vGHI8+BVit8NFe9fS2T+57Z7SNj+bRXv4+qA2R7ZNBnHn31pi9RFk5IRyQjkhHhSEBK6MZW9mlxySv1xSO8gaD0C0Wu2uMfwZyLcrO4Q7ebXixWcv1e6oYOvE05D9lLiY\/rT0\/Asq3009eTJl73i+eR0jySXGprzK2cUq49sUZx\/U9sQugomEqQnc9I62etenDQEgS2N0FtbRNHITyuT0hrYfYyKivNda2hmyQ7xnezlcXZRxxtI\/QG1HidO9drXe9M7ZLUTPV4Xm6WR0jtXGvcOAHQDJHYrS0CW9vYou214DWlRySa+Duy1tmtpmStLKFrqZcQedFTta1stV8Ht5RymmEVaI8GFutKkk041rnQKpVKJO4sqe+brwvJzp6VRCNpVcNBLbU5cbTOCe1QOkNDUFdU+0WtlgbKWaWOHDC01NAZHe63x4noFXncktE0K3smN73hV0kzxQGhIHFzWtaT\/eIxHvQqOm9F7WkVHtNfmNxNKVyRKEUkU5MisriVLFbRFvRa+yd6maJpPvtox3X8LvEV8QULvr0y\/XPZZ9ss9LJC52pLgP05LlcR82RVz81YZVF9jdkm6HJnOhFUtnWhSwpbGpaPPbLg7YfEKpDkwx1lXUJrZNd1m3zrFNgeawyEB4PDk8dW8eYQzqGMrI9y8l7DvcH2mkpQCMswcweiyUPpYfsSmh+2Gm+zc38LyPA0PzVHNjqY\/p0txafsyTIeGDkhHJCOSEeFIQCQ0B8V2Pkjn9rKy2ZHYaeYr55rR38cGfx+Fso7f7tJ7S0iFpqIxQjrqVpenU+nV3P3AmXY5zK7bZaAc0SK8UJraygTWSDO9cGs5pSEGkZJCCykITTNUi8DGBa6ichg67w7+FpsEentPaezfzwiprXkSAO+qs48fqIL5cFOsuxFWUEhbZrCF06Sy4AyMgjWo+KjlBS4Hxt0yx7LZon5tNOSCW0uMuAtXYmuRTadio5c3MY\/q5or56qD6kTajIZLRu\/s7T\/AAG+qXqSOdkQ6zbFQNzbZ2eLSfjkuOyR1RigdrAbwpThTIdFHzIe2kQ3bq3ANawUo6tSOFAMvAmngrddXauSvKeysrVZ66K2mVGF2W6qmqt1x0V5yJ\/uuuutqaz7rxQ\/3cx8CosiC0h9MuSxtvb+EkgiZ\/DiGEU0xUofgqPbouye0RQDMJEQ5QpHUGM1TCRBkwSE0J8SQ0X2FIch2ZEkPEd6WegBGtUuJLTI3xLaNKbqb\/8ArFhidWro\/s3d7dP+2ixubX2Ws02NPugWFsQ6j5h+g+eIfJCc7\/iyfB4skiXoUHTkhHJCOSEeFIQRbj2H\/pPwTq\/uX8kVv2MrW45g2HEdGMLj4NqfgtLZHckvkzkPsZlpznWmeWZ33nl3mStnXDtgl8AFvbCphn3JzOjbb5q5JqENb4V0awDGpCQbRI6wp4SGiWVOQjxjVIiFjbfjC2L9Mgd4EEfEqzjy5Ibo8EYtUwpUImUxpN5Z0C5FjWgua+5G5OJBJ0071Z4SIUm2TrYjaF7vs65jNvdxHhr4oFkSS5C1K3wWRBbLURRsgFOBahrs5CKr4DMdsyNWHwP7rveLsCprZa9C8D+6f3XPU0LsIvf1tljBe81HlU8ArFK7nsgtjop3aPaSQuFDlU17z4I1GKaBkm0dFbXUBcMzmEuxHNscrJaarqiRk12GtH28YGuF7j4N\/moruET1eSQWiLMlUGWghuqacFkaax4oiXDqBS6Lh3YTHEnaObF1nbRM0dTHdktdExolDxZcYIXIs40T\/wCjvehbJarM7QtbI3oWktd5hw8kD6pV4kE8KXOjQOxQ+0m\/TH8XrLZviIXwv3pfwTBCg6ckI5IRyQjwpCEt5upHIfyO+BT619SILn9DKrdGTY5QNfYPpTngK0+\/92L\/AIM6v22Z+2SsGKzPcMziFe4hbLfIBS5Gy8LLQ5LjY\/QyS2IriOHjbL0XTmgmSx0XNi0EGNLYgh7V0aJJQnHAEb1IiJsWS3V7WORnFzaDv4HzXK59suR813RKmY81LTkQcJB4EZEI0pbQLaaehZd2z5e4UC4noekWLad1LGRNtVpxNjwAigzcRlRulOHaNaddFTlkKTcY+xahVrljXdO0dlYSY2RDDmM6uy0qTQmvMCnch0035LcGl4Lv2VvCOaJj3wBtWg4sRbwzqM86qo4Mup7Hoz2b\/wBGqQtHGeAAkQtk\/vuHwIUbi34YvBVe2u1MTnPa6KJns8sJyABANcyr1W0VJ8kAs2yUFtxGJtXA0LW5g1GrdDw09eVj1JR8kPYpjBtBsiYnEEaAUypl3KzXd3FeyrtGZlnLTTqrkXspyTRYm6+6nPMs50\/hM651efCjW+aqX2b4LVMPckN5NoSqpacRDGCVzaOdrF0URTGx3axVFCUjmtClllJXTgshuzondxzQF1hPJNEhwsl3lN0Sof7nuklwUXglQ+7prLS9ZqaNgfip+poHqUM6m\/8AbRbxOZM0LsYftZf0s+LlkM37YhnD4vkvwTBCA+ckI5IRyQjwpCG+\/jSCY\/1T\/wDKVLX9y\/kr3ftsgez\/ALgB0Ioj9701oCY64aZnm1j\/AIdeE9mf\/CecTa6ezfVzCP0+74FavHt9WpNewEsr9Ob37im\/bubX1qOI4FWWyIZX2ELmxBH1MJHNAZ7irmF06R61WahzSGiKWNSIaxDM1dGsRuFE8hZJ9mAHEjpVRuPOy1HwQbeBswWP9uwdlxpIOTtA49HaE8COuVyu3jRVtr9yT7rLq9qQ2meJvDrT5q3OfZDuZXiuS9d89xB9gDXVjZG1rSQK0FcgBUdo8BUcc8iVlcS6MZy\/PIS7W48mabPdMEWccTAQahz+26opqXZeAaB0RKVncNjWo8kwsF4OkjLvaO7JrgBoBX8IGg6KvJlpeBPJtI4ZD1TULY77PFsrsUrnMY3MkGhPRuY158E5HG+CJbQW5tokd7RjXMBIa0gEgVP36BxOepNVL3tEWtj\/ALsdmBA58kdfZ9klupYa5Z8Qe4UyUVljZLXAX7x7pDz7QjMuNete0psds5dWVRZtmn2if2bBSpBc6mTG8XHu4DiURnd2oqxx3Jl4XFs42KMRsFGsbTy1J6k1JQ2d3cFq8N6ItekFXHvVd5CXGwnV0qyzxF\/9Dyz3cmf5UPdhKP6fvf8AwY5QXcurJh8kdnQbo8uDFjLtU0bk\/cGW9OlDymOlg2fJU3eDJ4w6OunCKJ6kVJUtAW2IcU7ZH2iiGwiqa2LQ43jebLNCX8adgdaanuUT5HvhEg+j\/cREEtseO1anAM5+yjJAP995J60HJZvPu7p9nwGMSv6O4uHY1320g\/KPQ\/zQXNX+3FlrCe8iX8E0QU0RyQjkhHJCOXGIatp30s8\/9k\/\/AClWKFuyK\/JVyXqqRB9n\/dHgjmQnvgDUcorj6Q+7+S0RxWuBpfLZw5sjGglz4jnUDUmNwrQZlrjyCu9NylU3CXhkGdTtKSKj2b2uZIxrJHUIyFT6eC1PbtdyYE3ryPF42EtGNpq1NJHr2GU3lwOqWjhLLhtgkjdVtCAangf2UjQwhd+RZprEMkjV1HGIpmp4xiKVicRtEh3fRVtDRwIdXyXNkkRyvmIBzmkAtNQQRkRxqo9vZK1vgcd2U7bDMHiEyNc5tHOPZY3jpq7lU0yGtVNkxlkV9kXorOKiyUb69uDLELMzOkjnyOHEt7IGmgFfNAqMVRfcXXJtaKfuDYq0WyVsULAXOOVXBo8SSFftsjVHbFCHc9DrtrsBabqMTJy0mZpc0xkub2SA5pJA7QqDlUUIVSm+N+9FidLr8si8luGvqriRXfAdY7Q572RsBc57msa0cXOOFoHeTRJtRWxRXc9Eg283T2y7nj2wY5j8WB8ZxNdhpUUoHAivEZ16KpVlxuT7fYmnS4irYu8Xxkih7QoQnSkmuGWK62yU37bmvg9mW9t7g1h4jI1JB1AqOI11T6ruzyEIYcrHwt\/gbrsuiOzgtZUuJzPF3KvQcBoFSuzu7iPJtcL9NvXfe1FD7DG72chqG0aclWULLPL0XpZGBiPthFTfyQBzxXNWI4W\/LI7f1bOC7a4RS\/AqhkbyU\/8AhQ+ATL9U5PlS0OEDmpPChrhDofqjIb3KQ42WIVyJCgliSXhl+H6khbxdBS\/JLblLm6jGKGtMj4KPdlPnlHZ04Od+39Mvg8t17tdk0U6HXxVynLhPgz2f0K6lbS2vlDcxpcckTT9zH240ovTF9tkjs7cUrgDTSqW1J8FWSS5RBcM97WltnszSR959OxEytC955a0FakigUGTfCmHPkVNcrJ6NYWG7GQxRwxijImNY0dGigr14nqsS5uyxyZqVX6cVFCzY8\/0hw\/qz6Oam5v7aKmG\/\/wBh\/wAE5QQ0hyQjkhHJCPFxiGTbV9LLN+n4kBXMTm2P8lDN\/akQ64vd8Eayfu4BWN9o+sKHyXOwitNclcbydxVltwdJHSz2rMiVoo17v61gyNfxCjh1RHFz50vXlA\/IxYzW0Ufs22azyTWG1NIezMVzFRxB4tINQtbTdG1bQAnW63pja9wx04AqcYuSZXcQyF3XJOYiDW4kk15pjENsrV04xJMxPRwRyMXd8Ddck33aXSWye1dkKEeYTGmSJDbbZscxHWij7hy+SxbkuH2hiiPuyOa136SRip+\/BOuu9CHcjij3lIbURSRWm0RyGr45pGuOeZD3Z+Oviq9Vneu5D5Lt8iWx3q9jg5rnNc01DgSCCOII0IT5aaezilp7HHafby0WwNFokdKWaOccwOQ0yKgppjX4RNOx2eSPMCn1oiHC5L2NnlZM2mKM4m\/qGnkc11pNaZxS7eR0vrbW02pwdPK+RwbhbiNaDXLv1OVSVTjVClPtXkvQUrAuxWtzc6nLqqt2RCpdzNV03pk8mXbBF931sk5tgsj3DMEFzj7z3StxHM54W0DQNB4oDXZPJs+Ea2NlXS3rXdL\/ANiKX4AwCn+\/3Wjpx4V+xkM7q1t\/3sKum8cUcg5gBWnqPIBdrlwiG2q63NcVPCUSu6p72GWewuUveh7x7HzoXx2QrjmiN0WIcLNEQub2MSlEk1wWwgqKcNlmq6Sewd6xtJqdeaHzxlLwtGuwOuWUPU\/qXwz25ryEdXPFQ0Vaf3VWFs632yYbyenU50Xbi+fdBWxe6aW9pHWm0vdHZg7IN9+WhNQ06NYOLqE50GlU+\/qKhHth5MHPpzjLU\/8AoaEuDZqCyRiKzxMiYNQ0ULjzc7Vx6kkrNzulY9zZbjVGPCFEy5V5O2sL2Xkpae9rh81PmftIFYj1kck\/QE1JyQjkhHJCPEhEb3gTUszh+IsHm4K\/grdqBue9Va+SMXSMvBFbntg6j7UPcaosvhzVF7j\/ACiEbdbq4rbI2bG6GZrCzGxodiacwHAkVwmtCCMjxyRLGzJUrjwUrsVWLZTu2+5C02NhnjkFpjbm+jCyRrRq7BifVo4lrqjkjmN1GFr1LgFWYcorgi9h2gDmYRT+aNp7B6WhFLFUpm+RCS0WZO2cYidAnJjdCdtmzSfK0JI0LsZu8barBE4P9mSSCQKnLxGaBZWe6be0vUYzmDsH0dImuxOmce5uZ9R81Vl1bj6UXl09sn9w7CwWchzcTnNrhLuFdSAPjmh9\/ULLlpluvEUPJlL6QtymK9ZzTKYMlb1xNDT6tKPYFm60vgD5lfbIW7m9zrLy9sZJHxsjw0wAE4nV4OFKZFPy8j0EvyNpp9RtEA212d+qWiSCtQxzmg0pXCSK060Viq31Iohtr7XwMYerLIdhkLSSFzeieuG3svWbcA2K7hbHTH2mBryzCA0NPCtakivILO252pOLNb0zAeRJQj5ZWMdhc9zWNFXPcGNHNziAPU0VKEXfuUvCPUMzLp6TR\/j0pd7XLNy3jdMckZheMTKBvL3dKciOaGwm4y+k83tk7HtvyV7eu4mKT3bRIP1NDvUFvzRePU5Lyge8RtjV\/wDQcRds2oDSgLSK04ZH5FKXVV7hHH6c5P7dkS25gjjeWNaTQCp0qeKf\/qXHBv8Apv6XlkLulwRqKfk0KL\/UJv2NPH9JY+vqkxVDaebR4E\/zXV1CW+UVbv0lRr6JPY7RMjOvZ79PNEac9S4Mh1D9KWQXclsO+p4MxodCicL4yMDldOlX9yaGVsEtqmbBAwvkPDQAcXOOjWjmUy6+Na2C66pb0i0Ls3COw0mtWoo5scXnR73f\/wAwszkZqmu1I1GFkzxpJxfJYFzWYWQMs9PsgMMTuQHA\/M80B9Rp6YfylHKXqpc+49SBWkZqdb+4RTKevyipZygi5H0tMfXEPRWclbqYKper4osNZ41SPUjpyQjkhHhCQiI7yH\/YsH4pW+gJ+SJ9OX1t\/CA3U5ahHXyMt3N0V60grWkh3iVQtoOBTRx6uC1s5c3p8HWtrRjreLst9Qt80QFIpHe1h4DA8k0HRjqty6LcYVvqVd3uZXIj6c9MBYn1HBXWV4vaDZAKLiOtCGWyrpzQFtlXRaL43F7RfZOszuBxsrz4jy+CzfVKPq9Rf2F8GzT0y1iFm\/cOnLrYiqd\/O6Z94xxS2fD9Ys+MBrshLG6hLMXBzXAFtcs3DiEUwcpVPU\/cHZdHqcooDZfbq23PLIz2RjeRR8UzSKgHJw0rxo5pI6laO2NeUlyCIzdLeyJbW7RPtc8k8gAc9xJDa0FeArwViNXppRK07O9jKGqYYlsX2CLMEa1UMp6C+HV3SSRbF874rRPZY7GWsaxoDSWhxc+mTQan4BY6yKsu58Hr+Djx6dh\/5U\/vfhEr3Obm7QbRFbLUwxRxHHHG8faSPp2SW6sa2te12iaZa0tX3RUeyBhb7ZXWd8n5NFNZVBZcvYyEe5jdfN9iPstzfx5N7+qqW3eyNJg9Pc+ZEcaHyFzzUhoq4nQdAeHgFVrrlZIPzspx1orG\/bA18jnPJcSTpkO7me9bSjCSjyN\/\/JZUx7KlobG3fGPu\/FXVhQ+AXP8AUeS\/+Qsgu+LlTuJXHhQ14HVfqXIXl7ByXOD7jgeh\/fRUbMTt5Ro8T9SQsfbYRy8bxdFUHLmD+ypq2VL5NXPp+P1GO\/wXDuE2eayzyWmn2tocDn7zYm+43uccT6jWo5BQ35atPHup9OWJc4rwWcVWAfCE14WMSMLT4HkeCinBNF\/EudcvwIrothcCx2T2Gh7uB\/mmVTb4ZazqVxZHwwyYK\/Aztohsj8M8R\/OPXL5q9au6poDfbdF\/ksgFZg1aZ6F0cepCOSEeFcYiD7xpKvs7Or3eLcLf9RRrp6+5gHPfdOMf7ElhGisWnIeEOLFULSDmJrHAlwcjk1nSnvpN7ONksLbQP4lmfWv5JCGuaelQ0juPNG+k3dtnYwR1KpSj3IzTdN7lq10vOwBDjgdZ7y481xIc2G2W8qp+hncOEFpUT4JO4mexF5mOQOblQhQ2wU4OLJItxezRtitgexrx94V8ePqsJbX2SaNNRb6kdihQlk6qTSfkTW\/Ax7WbE2a3R+ztMTZAK4XaPjJ1LHDNp7sjTNWarp1vcSGdEJrTMjb5N1jbsmYxk3tWSNLgCKSRioAx07JrWoIDa0OQWsxMl5C2\/YzuRSoPgr+OFX2yvXDZJtmbj9rIxhc2PEQMTvdBKE5dnZBs3PRsT1Jo1pu23R2awsbJh9paCK+2eM21\/A3MMy5VPVZNWc6+TRda6g75KPsuEieYU1p65MuvwI75vL2TMqYnVDR8\/D1Va2zsQf6fi+pIjl0XSZXGpOEHtHU1PAdSqNcHJmlycqONHSFG2N4BjBEygGpA06fP0WswMdRe2YS6+V09lT3nO1p7Rz5cUYtyVDgN4PRrcr2\/sYp7\/aNGk+NP3VKWfybGr9Hza02Jv+ZG1zBHqlHP5I8j9G2Ri3Fim0XnhbVpqOdVfjkKZjMvpluI\/qQ1bO3d9ftMcDiRieKkZ0bq70Cp5lUZQ2F+ndZswvHhmgLM11mfhApgyw8C3Sg6UGSw7+mYSt7cuDn52TSKcPaHN0Ofd0PdoiVb2YfJp7DwlP8AcoxehmvY+zkZJwPYf8j\/AL5KpL6ZGixn6tTqf9CyZqIVszd0dMaLcaFrvwuB8iCifmLM7kvteyzWlZeRrYcx2GJDzkhHJCPCkIrzbaXFaWjgyMZdXOJ+ACP4EdVtmey33Xr+Ayyhck+SSHhC1qrssINamscDTeDq2clvQ5rYz7X7Pi1Waazn\/qMLRX8WrfDFRS0WelNNkN0O6OjDO2l0TWJzw9mEsJq1wIOXI8Rx6r0PFlC5cGTvi6ior33iPcT2j3Vp6aI7VjoDWXCa794TmnJxHiVZdMWV1aWdsjvDEtGvNDz\/AH\/dDrsZeUXqry1LgvHtBB5Ra4CMZbL3ua+HtsvtYznE4VHAtdqD4gd1EAyKYztUJe5dqs7OSW7NbVR2lpwZPA7bDqOApzbXj8EGycSdEtS8B2m9WIeQqOi0mCoueR29GZPpSbEzCdltY0vhfG2OUtBPs3sPZLqaNe00BOVWnpXR9NyFH6WAsyl77kUVZWZo9P8ABToXPJOdidkpbXPFBGCQ9zcbqVDGV7Tj4VoOJyWY6hbvUD2D9OqvHosufnXBtl45af7y8EFMjc\/Ue\/yexhNl8jILx\/0IXe9pMkpppXA3uBp6nNCpbnLSN9iw9GsV\/wDGmtLYIc+D38zxw8uOfctLj4XZX3Mxedk99jkQzbu+cBIFC4+QA40+CvTuUIpI0f6f6R\/kS75+PJUl73oBVzjrx4lD+xzez3DFxYr6YrSIreF9SH3WkenxzVn0dIOVqmPDZHbVf0jDVwIHPOnmoZwYYrqqtWo6Hm5NoHyVpnSmvwpx+KijJQewH1Xo9VsO2RoTcTsd2nWwtwiha2uridT0HDirN2WpQ7UfNPV8T\/GvcE+C09p7BiZjHvN17v5FZ29PXBJ07I7X6Yk2TtnvMP6m\/wCr5HzXKJss9VpTSkh8kV9MyM3qWxBfEGOJw6VHhn8lHauAngT1NMKu+fFG09KHvGR+CmxnwV86vtsYgvRmXgi1fKMllx+ksS6psUbHc2tPmAs3YtTZosaXdXFitMLR6kI5IQFyQis72kx2qU\/hIb5ALS48e2hfky833XS\/DHKzNVZl2KFIULJkg0LjR3fyR7aPbqGz5VBdy4Dy\/kiOPgzt5B12WovSGO494zbSHYZ4mOa4VDm0q2uerqZcwQp7sJ1+zZWjltk1fe0YjMuNvswKl4ILaDr8kI9KTl265CyuS5ZmLfPtRBeLiHMoxgLYyKY8\/vHn+k6V4LW4Vbx0AclxskY03i7CPs7x7NzXtkrhpQOB\/CWk68QBr4LY4120Z26nT2QZ5kjcWva5pGocCCPAolBqQNmtD5ct8uaQQpHFe42MmaE2P2yrGxzzQg4a8OY9BTyQXIx\/dBai32NQbrL6baLNaLOTR7owWnuNcu7VY3Oi42QmvZhuvXa0xvhsckEgfE44muyNNeFKDUHQjiiVnZbU1MZCbUtIvSF5oKihoKjkaCo86rCTRq4vYaoF5JEc4ZU1HEa1HcpItqXAyaTT2Yg2gusG1TOjjLGGV5a2nutLiQ3LLIZLdVxarWwFVp2aNL7n2N+r2YNbhwxurp2nYnVdlzqNeACxWdv12egVPsxePcskqvsCSf1cBdslwxudxDSfTL1UVvgu4cd2RRU+0Fvc10bRUNdiLjzpSg9a9c13p0YufJvcnUaX+RfsS4GUPccmhx8gtZlPVWonnUq++xJfJWO2e0gfI51aAk+A4DyQTmXk+g+i4HpUpFZ3tfYDXSuzzpG3u4\/76q8tQjtmvVLsmqYf2yvb02pleT2iP05D9\/NVJ5D3wbTH6VTBcx3\/ACH3LbJ3kAtL2OOGrssuPaNB5pis3wypm4lFacoPTXPBaty7JR2RzXPIkxAPaB7vc52poeAGniq92ooxdmdbmRcFxrg0Zuq2yZN9mCA4t93TNuhA7qinDJUUnvg8e\/UPTZ1pyHza7aj2bmsZNEAcTZmktLhUVbXM0+9wKK0U933GGo\/cRWVwb1Ay0DFhc0OwmgLeYOdTXy8kPVaUtHqWb0nuxO+PwXPYL1jmbjjcHNPLUdCOBViUHHyeO2LT0xSW8D\/uqimtodTLUuBj2ePYLfwvITKGFeqrlNe4K3tRulmNyY7iSzZCesDR+GrfIlBMqOrGXenT3Sl8D4CqYWPV0RyQgLzkuobLwyqbtkxue\/8AG97h3FxI9FqZLtgo\/BlaX3Ny+R\/hCoSCaFACiJU9Fd7z95gsw9jEayu1pnh6d\/NHenYHqvvn4Audlf8AGJnrafaN7iW4quJ7Tu\/gOi10Ydq4AEpuXkc9hLMHTRWaPtSSuxSuOYjY0V+FVXyZdkO5j6onm0W83FJKxrqWdri2JgBNWtq3GcwKuoTxUFVC1trkmV0kV5et6VqQeyKnwUqht8jXYUtfds+siRkmYkz6AjSn6eH8yisfo4Kdku4j9kMk2Kx2gh0sTHOs8pqXkMGL2RdXtsLASyubS0AGmSJVy0D7I+xH7K0tdTkVcXJV1oti4ZD9Wdn95lPNRXRTiTVPTL\/3Z7ROhcxwObWAkaVFBksvbQrHphpWNI1Pstd0T2snbQggFop7p41\/MNOnisXm2zg3UaDCrU+STFBtsN60cCunT3ElHxsXnZkHeJPJDb5Yhk0SuIHNpcSMqclt6LVKlbAsKmrNmkNgbCYmxMIofq7SRpQuoSsRkSUr2btf\/wAi\/kl7imIBS8iW+P4Mn6fmFFauAvgfuIjNy3eyUyRvFWuYe8GooRyIVXDm4zNN1RtVLRDdoHfVMUVQXua4VGWQBp4u1I4ea3cI+rT3GWwdO+KfyURtDa6gGvE\/JAovWz6k6fUtL+CEbVWisMVNKkHv\/wB1U9z+hB7p0FHIl3f0Rm6bI1znOf7kbS9\/DFTRteGIkN8UONTm2yhBQXmXC\/8Ake4bdI6k0lASKRsaKNjZyY3hXUnU8a1KilNsDehCMXBc88t+WTaxXofZRscc2tLhzANAR5lvkU69\/QZOFEY3SlHwPdwbRuje1zSQ4cRXkeWigxW+9bAH6goi8WTa5JVZ7zM8D5DQujcBIBqQc2uHctfwlweAVR1cv5IZIwCXE01BfXu7XFZd1\/7vB75veA+5exM9md4b7HK14NY3ZPYT6fstWsdWQ0z5n6lNQsevk0lc96snjZLGcTHgEeWYPIhZi6p1NxZyifeIblH8X+1cqlPDD3UlpR38BtrajFT0ZC9cD3sHN2JG\/hfXwcB86qjnx1JMXS5cTj+SUoYHj1IRyQhv2gtWCGV3EMdTvpl6qamPdNIrZMu2tld3LDRo6BaK6RnsZaWh+jaqTCKQxbfbVix2Z8p973WdXH9lZxKfVsS9itlW9kXoyjNernl08hJc8mlVu66+2OjKTlt7ZFbbbTXLmpN78jHyifbon4Prkv322WUt51II1QvKTmop\/JaitIq8OV3wtDPJ7JYw4EagggjoU1T0dcCvb\/2OfEcTaujrkRqO+nxVxWqZC6WuRjtl1SHBNGPtbO5skdRWoa4Owu5jKtOLcQVmu1rhkEoJjPeVyAzOcxpEbyXsGZo0nIV40GRPMInVPfkozra5Jhj9nC1uhc4emZ8jhHXPku2vgbWuS29kbXm0j\/7Z9Gj9kHity0EZPSLc3U72vq5LJKujfm4V93q3w4cVns7B9VtryGMTJ9PSNEXNf8M4xRSNcNaDXxGoWOtonX5RpYXwmOVVW0WO33Oqlprg54Gm8tkrNPKyaWCOSSP3HubUihqK86HStaKaN84x7dihWm9hsxw2lh\/EwjxCHS4s38mkrXdjNfA5OKtdyAMo75AzxYmubzaR5jL1TJQbL2LPslFlXv29isr61DnULcI0r1PQ0yUeJj\/X9R6FldPsyMfuX8lTbR7VOmlLz1K39KXpuK8Hn1cfQuW\/KZX+08uHCObjTyFP2WTt+hvZ9S\/p65ZNCmn\/ACRCW0g4o3+473T+En5deHiuRt2u1mpuplCXrVrx5HW7dhJfZHIOa5zXu4VYzF7Nn995LuOUfUJsqpJbBtvWK52ru2tL\/wBfkUw7LuLsUpy\/COPyA6DzUEYc9zGz6ltdla8ocxYO0XHUig5NHLvrqfLRVr593CIaY9q\/IqssVKu5Cg7z+wV3AqbltmA\/VfUFCtV+7JjuzfX63X3fY4j4HJaGx9qPH8St23RivkieklOZJ8tVnsZOVp7j1O3\/AB8B\/wAaC57bUkc8luK1rk+V+o2KUmWluD23dDN9VkP2cvu1PuvFaEfq0QnqVKnHuRLg7U1+S87gb9mTxc4n5LJ0o0\/U5NtL4FFoCJVMy1wo2MmpNI38TQfFp08im50dxTKmC+y5r5ROAghpT1IR5VcERneBaKWct\/G5rfWp+CI4Me63+AZ1CWq9fJHbvjyCKXPkHVLWh1jCqvyXY+SmfpE2iv1eMnshrnnrmB8lo+jRT7pMCdQlzozxfN6VNBoMgtK2AmhkrUqNsl7eCX7FXz7OQg+6+N7Hf3mkD1ULW9EvsMEt31JKc2cigNnhzooWiVFm7G7pJ7UA5jKN4udk3z4+Cp3ZMKfLLldUrPYmkn0UosJd7RolzIa1tGE8i46V6NVOPWWnrXBPLp\/Gyl7VuijidM2X7NrXHAPfcx9SCxoOHiONBxqKZ6SGcnFSTA88Z70VTtnsfKx2ICrBk0tzAaNAdCDzqBUkqeOT3+StKjt8Ikewl75CM1DhG5melCDTxyorUIp7eyCaa8j5YZSEO7uWix2ra0S65to5IiHMeWkcQTkVHOCktSRJCcovgtHZ3fzO2jZWtk6nI+Y\/ZBbekwnynoKVZ0o+Sw7q3u2R9A5xiJ\/Fp\/iHzAQa7ptkPt5CtebF+RZtnt9HZG2d+JhbPK1gOLLB997TocII81XoxnJtS8onlkJa7fcXbXXxHD7KR72tLH1Da5kHWg14UrpmUM9Ccn3L29zXdLfqKVS9yK7T76YYh9kwvPAuNB5CvxCPUdO7lubMxl2Sqm46KsvrfJabQcJdhZX3W5Dx4nxKJxw4Q8Ir4mQ+7kh162g4q59o1HzWZyIuE9n01+n8ivMxVB+3DEtstnYc8agZ99fmtH0+5T2tnmfX+mSxr3pcEatwfayxsbCaCgAFcznSgTMrFU1+Qp+mf1B\/p9nbN8e5Ibu3dkfxKGXLsajvJ0I\/L68FnnU4cyPY3+oY3Ldb+ksu4d1ZcztSOYNagntOOpIyAAAAHQBVZ5Hb5MjldYip\/TFM8vPdY9gJZ2+6uLyOfkq\/rKZJR1qMpfVwQa13YQ4ihFMiSNP59FPVS5vei\/l9bqx6nPa2eWewYzhGgWnx6lBcHinU+ozy57Y\/2WcWeCVg96QAH9INaePyVXNtShpeTUfpvprsl6sl4IpaxQY\/Aen7KPp9XO2W\/wBW9S1BUxfBGH2k4vFa2Pg+fLp+pPRLbmtlC2QGjmkfEfBB8+fbDSNt+n8P\/It8eEbFsEdI4xwwgnxFfmspBaIs6fddIBKFYg9AKXLYRdEmG0RnmS3zCtZEe6sFRfZdF\/LLFas6a0EkICue+zjIRvDnq6CPq957xRo\/zO8ka6fH7pALqMtyjETWRuisWPk5EXsCrS8lleSl\/pJXM4xwzDQYo3dM8TfPteSPdKs7W4gfOr3yZjtLc1qEwFoJauNDosVR2iibodslFxw42nLNcX1HfBINht28lstDWNaRG1wMj6ZNb+54DUlUMm+NMW9lummU2a4sdjbGxsbBRrGhrQOAAWKnNzk5SNPXBRiGpifuP3wZs3vxeztsopUPo\/8AxDP1qVqcR91aAWRHtkVpap2g5ZdUQimio1sdthdlrLaLQGvGBxp22AClebdCOmXgrDvlXByRXnWm0h42y3BWuyEujHt4xXtRjtAfmZqPDEOqHUdRjNc8Mt24mkmiDxNI1yRSNil4KEouJ7aLwDR1Um\/kY+Rss16vkcQTlyCZLkliSfaqzONnsrXEua0zFo1w4vZ4qV50Hl1Vd1xjz8liLbJJtReD3yOc9xJNNeAAyHcNFQtpiotL3Nf0bKdN0Zv5Icb2c7J3BVcS97cWav8AUnT4xcb61xNCbEaoul3cnm63XLZK9ndk7RbOxFG5x50yb3nQAoH1CqL8npf6b688Wzb+0kVp3aiyRl1oONxNDGMm5czx8EAxr5VzbPSsu+PV\/oiv7EEBZg+zAY3QtaKeDqajoclpKslWo806h0u7FnqS4+SU3Fb42tphDjpnnTuy1U7qhLlgqGfdjvUWy4tmtnY3QMccQLgTrz76rKZdK9RpFr\/V7ZcjxDs7E3PCXH8xqPIUCpqlIhn1O1leb6N3bp2tngZVzARIxozc3UOAGpbmCKVIpyoi2NYocMgjbOfmTKduuERgkirqZDlXieXzV+eSv+Jr+m9Gne1KS4GG3SlziK5Vq4oZGErZnpmZlVdMxko+Rivm21yGi1eNR2Hzr1nqE77G9jHZ46lX5S7VszFEHOWyb7D3CbRaYoW\/ecAeVK5nwCy+TZ32fhHr2LH\/AE\/p7ufEpcI2O5oAAGgAA7gKBCPcwU3yJJApIlSQ2Wx+Ehw+64O8jVEEu6DQIyV2tS+GWfG6orzWYa09Grg+5bBrg88om7OFc7Sz47U78jWt8c3H4rSYce2nfyZrJffdv4FVmYo5+SzBcCxqgZMvJEt6V2iWxTDUtAcPA8FfwZdtq\/JWyo7gzF16x0cQtsvGzLT8iFqcNB1XdHGy19yWyZtk5iJLWAYpDxDa0y4VKGZuR6Nba\/ot0x7mtmqrpumOBgjibhYOA58yeLjxJWKtslZLcjVVwUVwK1F7khycvDO+Si\/pE3MQ+KYe65pYf1MNaeIdl3FHenT+lxBeXHnZQdrRrwC2G7L3x7KZrq0zHxVhJa18kDfJtq6bwEsUcgNQ9rTXvGfqsLdXKNjS8GoofdFbIXt\/utgtQLwBHKakSNGp\/OPvDr73VWsfMlB8kV2PGSM6bYbtrTA4tczEKVDmEuBHPmPEBaiq71I7Ac4JPRHrkuJ5eBhIFdaf7qrEOeSLwWltzs1gsticfvPmafKIt86u8lUV27JQ+P8A7JIrS2N23djc2WRnFri2ndkudykv5CuPLtaXwRm7dn5ZD2Y3E8QASR10Qa6Drn3rweqdNza8vFeLb5Xhlw7G7kfdfaaZgERjU14OOYHUUJ7lPPPXb9J59kYmrWmXXdd3MiaGMa1jRwaAB6fPNZ+y2Vj+ofWuxdpV2\/y3NIjYTR1C6veRkeeit0Yjsg5I13ROrvFu+p8FFwOc06kV0I0\/bzVHsnSe1wyMXqVe+CXbN3iXODS2ugqMj5fzRGvN1H6jG9V\/Tdai5VvRo67r+hYxjO0MLQPd5d1UHtyVKTZ58+lWRekw6TaqMaBx8KfEqL10SR6XN+Rrtu1L3VDQGDoanzNPQeKrSve+AjV06FT7plc7X7EVrM1uAuDnOJFMVKVcB+LPM8eqKYVbs8h6PXY4kO1aKN2itoaaN6+PUrZ4+MoLZ511frk8mXLI3I4uRD8rwYrcpvnyKLPFRC8q\/sTS9z0D9P8ASvXs2\/tXLZdP0dbuBtLnnMsZXuJqEGlW66X3e5P1\/qKyLVVX9seEaGehSfuZmXDEz1KmRMbrwjqCr9L9gXlLuiTrZq04oIz+UA94y+SAXx1NoN4U+6mLHRQF48K4jjKrgmxyyv8AxSOI7gaD0AWpS7K4oysH3yk\/yPkAVN+QiuBQoZMliNe1jK2Wcf1bvgrWK\/8Acj\/JBk\/tsw9tQ2khC3kPtMhPyM6k0c2DanDNmgNxAMNktU4HbldHZ4h+Jzqmg7hr3rO569SUYfG5MJULwaOKyXuzUR8HiQ45JnRh242XFrs74Tk45sJ4Pbp4HQ96sUW+nJFe+G0Y6vu7XRvLHghwJBBFCCDRa6E+6OwDZDTIvb4i05K1CRXlHRqDcfvQjNlZBaD7N0eTXH3XNOleRGY7qdVnszEm5d0QxjX6iWlPtFZ2txGaPD+oH4H4IT\/j2PjQQWRFIojeFtY2abFASGsq0cK9RyqeHJafFhKEO2QFtalLaIU29XOe0cS4DrUlX1xEqSRfd+bHC02ezxOeGGIh5NK1JBqNRz9FnHf2WyYSrq3BMrrfFZDHahIB2ZRUd4ycPDL\/AGUTwtWRSIbfpkO2x97lrAOB1V6+iNkdEmPk2KzuT8FlXNtExrtew8511adKjp0WFuxbKZPXg3NVkc2rj7kSS2XxExuJ0jaUrkQfIAlOqrnPjQIyE4PUzKe+ba82i1uLQQxvZb1AyFVscSn0q9Mzjtmre6L0M90Ww0zzqop48Zcs0mH1edXKlouzdPsSyWszgWge6Rxd41yHzWfzqYQ4RqIfqW+yPbN7RZn\/ACiOEhHe2v8AqCz7x0OXV\/wCj2RYNZHHuAHzKSx0Mn1h60kONkuiJmjakcXdrx5eimjVFAy7qFk\/chW822ls9lB9yZs0NfzuwYQe+uXcUdwdc6M\/k2SfkydtLZSJXN5Ej1Wvi0kAu2cmJoLPTVUcjJjWjX9H6NPKs48e7+Ab30Q2qiVr9SZsuq9Sqwaf8XF\/8zL0+jS+r7QfyN\/zJdTWoI8xqvdlm2XuVm1+C9rXAnkCeMYitLVereminbHaJBsJaKxub+F58jn80Ozods\/6JumT3Bx+GSYIaGmIr7tns4ZH8WscR30y9VJVDumkQXy7a2yubjho0dwHktNczPY6H+IIe2EEHKNkqGfbOXDZJz\/Vn1yVvFW7Y\/yV8h6rZh\/aaSsru9b+PETHSf1DWAnDQTNQuMSNWbjNnMVms8jv4cWN7R+KV+Rd3MY0DvKyvUbeyTivL8\/wHcGrv+ouJyzS\/BoPwBXThyQjiuHSoN9u7L27TaoW1kaPtWgZvA++ONWgZ8xTkjWHk9v0y8A7Io7vqM6T3dU5hH00CJRZILqjwgALrehJaFlqtDqalLR3wNL7Sa80tI53tFjbr93pnd9YkBEbM2V\/6j+n5W8TxOXNU8jIUPpRPXV3css99oLShkY95cb7OEIr+2TFsiLCQHtqY3cA7r+V2n\/pPqyfRlo5ZS7FsqKWWSzuMUgLXtyoflzB4EahaSmxWLgGS3WyQ3LeJdTiDzTrKVKP1BLFypVvui9MeJIHAEtzbyQf03U9rwbqrIx+oQ7LeJ\/JBtpLjZI7GNeIVqN8X\/IIyuj2Ve218oU7Hbun2mVrRk0EFzqZNHHx6Ll2RGuHd7meeNzpGmLru1sMbY2CjWig\/fvKyFs+97YTrg4rgWKIm7mckLewTWrmhdoxbabMC1wOj0eO3G78Mjfd7q6HoVNRa6Zdy8C9Lv8A5Mn7bx\/buqKPr2xydqfVaSeXuKUOTTdO\/T6\/eyH2x\/8AUi8klNdVynFlP67C51HrtWND0MRaX\/i+RrtVrRquK1weVZOW5b5L2+i9bPtZW84\/gQUG6rHdexYc9zNElZYPsTyp5wSztViryVp+BXsVNhmkb+JoI\/umn+r0TM+O4plfBfba18k3agZpCNbf2ikGEffe1vriPoERwId1u\/gFdRnqrXy9Edu6PJFbXyUa1pDtGqbRaQNRslXBD97NtwWKTm4hvzRXp8O61fgoZj7YfyYxvXN7j1W51wZJ+RJRI6Ds7c0yT0dijc27Wy4LBZW\/1TT55\/Nef5knK6TNjhxUaySOVHxwWvHAFdEckI4pCAp0X8iKv263Kx2hxlgIikcauaR2HnmKZsPgQeiJ0ZfZxIo2Y+3tFbzbq7dGaGEuHNhBCMRya5e5RlTJDtde6W0y++32Q5v08hUptmXCPjkSpbJZs7uOgidjmeZiDUMw4Yx3ipLvQdEPszHLiJYjja5ZP5nBraAAACgAyAHIDgFWgnJ8itkoLgjl52V8jZHMArGwvPcNadaK93xr1v3egRG92Sevbk82dvLEmX4\/atsKV37ekOl+7KQWtobK2tPdeMnt7j8tFVrvnU+CxOpTRF7PumMVSyT2gGYBbhd3akHvy7kVr6kn9\/koSxH5CpLjn0ETwrayqvLY6rviz2zbqpJjilIiHShd5DLzKD5GRX5hvZtMHq19C7Hyvhk3ui4X2VuGHC5lakOFHHqT\/NALbLJcsvOeNe+5x0xcL7cPfheOozHwCh9Rr2GvCrl9skjv+ZovzDvC76q+CP8A06Xs0cNpIzo17ugCXq\/gX+mv3a0CN6Sn3ISOrzT0y+KY5t+B6xaavuezx10yP\/iSUH4WaHvP\/tN7JPyzssmmpf7a2Zt+kDY2w2shopVrT101W36bWpV\/kz\/UOq3S+mUuPZFNz2ko8q+eTJW5UpLkSvU\/CB\/c35Lg+jlbsFsaPxNLfQoJnx3U\/wABLEl2zRqxyxjNQEyhOQhLIFNB8kE1oJumXDaIjwJLT4j91PkR7qmDIPsviyxVnTV+xB94M9ZII+Qe8+jW\/wCpGunx13SAXUZblGP9hFkbkp7HtiguBe1VpMnSBAJhIQffJAXWQf2nycjHTP3f6Buf+2jId8WejytrFmVfkbXMSOCq6LPikaOZChsZNWje902XBFGz8MbG+TQF53ZLcpM2VK1BClyhXyTPyBXThyQjkhASuoQW4Lu9Hd6CyucMbweFPUfyRgHKVMa5DfeByKuQaQKy3qD\/ACSbZO4gyNxcKmQdoHTDTJvqa96EZd7nPS9i10jC9Kpyn5f\/ALFfN2aNktL4q1Y4B8R44KkYT1bpXiKFH45P+RV3PyuCk8d0X69nySaDgh0wshWFHpDthgKa\/wADo6QMOTJbZInoEHpvglUvkGHJrHq0FjTe1D\/Vl8npkS7Uc9WXyeYl0jc9+TwlcObWuDOn0oLB9pDJ+KMjxaafAhazpL+hme6lvuM8uC0gC2ehqRz3Ld3AXfW1sdyI+BQnN\/akEcf7zVbliH5NX7BUgTkcEzwnxYyXga7c4to4atII7waohH6otAi9dr7vgs6B9QCNCAQsw1qTRqK5d0Eyu7+mx2t\/JgaweVT6laHFj207+TP5D77n+BbZm5KKTLSFTVAyVAwVweRHek7+i0\/OPgSi\/Tf3f6Bud9iMgbTn7Q95Wzh4MvNDQCnjUiRbBWHHaoW85GDzcFUvlqDZZpW5G5yvOzZx4WjxNQ8CU45o8SFo5IQEpDQDk9M6FFI4eOXY8DADlMiOXgb7w90q1FAzJ5XPsWFd\/uM\/SPgFm7OWzS4\/7aITtx\/8mP8Asv8AU5HcD9qX8\/8AYD5n7sf4AwHRKY+IsChHoGxN8DwabscketXBwNq4zp6mnDkhHLp3Zy4zqKW+kpYqwwO5GVvmGH5LRdJf1NAXqS42ZhfGtYZphDnLjHxL0+j46krf1D4FCc79qQSo+9GlCsSzVLwAcF1DRNIE9eTjG+3syPcr9L5BuTHaJrstacUEfMDCf7uSBZMe2xhbBl3UrZAbukxve\/8AG9zh3EmnotDNdkFECUPuk5D9C1D5eQig8KNkiBNXB7IXvYP9Gb\/aD\/KUY6b+7\/QNzvsRknbBn2hWyh4MxPyMkCc\/IxFhboLJit1n\/tWehqhua9VyL2Ovq0bHWDNekeOTUOApwj2qQjxIQErg3QBychBRXTgFyehjAuUqIpeBuvH3SrUQZkvgsWwjsN7h8lm5+Waaj9tEG26P9Jj\/ALL\/AFlHcD9qX8\/9gRm\/ux\/j\/uBs5SsOxFjSoiRA2FMY9AwmDkCakPBtXGcPVwRyQjkhHFI6Vfv\/ALPisjDylHqx37I30uX1sF9QjuJlO2x0JWyMtJDUNU2XgfEvbcM2kkfV\/wC6G5i3VII0fejSyw78mqXgLK4c0ESBORxiS0NVyp8lO6O4j3sHaOzIzi1wPg4fuCh+fHTTJOmy+6PwRq54aNCMZEuSljrSHuMKhLyX4hqjJUetXDr8EL3sf\/GZ\/aD\/ACuRjpv7v9A7O+1GUNtWfaFbKHgzFnkjsHBOZGi1NyUX9Ns\/6\/kUMz\/2pfwEcX9xGtSsIa4CkI8SEckI4pCApCC3JDWFvTkcAuT0RsC5ToikNt4nIqzDwCsr7f7LJszaNA6BZiXk1lX2Igm3w+3hPON48nN\/dHMD9uX8gXN\/cX8BcBT5ih4FbSoSZBjSmMegYKaOQNqQ4G1NZw9XEI5dEckdRyadfgrzffHWxf8A5G\/AhGel\/uf0Ds\/7DJl8jMrbGUkMrdU2Xg7Evrceztxfr+RQ3L\/ZkEKPvRpFYZmrQWUjoVIuoYxNIFZqZBMO2Qnwzubwez1aaj0JTM2O4plXDfZc18n\/2Q==\" alt=\"\" \/><\/p>\n","protected":false},"excerpt":{"rendered":"<p>Atmintin\u0117 prie\u0161 operacij\u0105 Kraujo tyrimai, kuriuos reikia atlikti prie\u0161 gulantis \u012f ligonin\u0119<\/p>\n","protected":false},"author":1,"featured_media":0,"parent":0,"menu_order":0,"comment_status":"closed","ping_status":"closed","template":"","meta":{"footnotes":""},"class_list":["post-165","page","type-page","status-publish","hentry"],"_links":{"self":[{"href":"https:\/\/traumatologas.lt\/index.php?rest_route=\/wp\/v2\/pages\/165","targetHints":{"allow":["GET"]}}],"collection":[{"href":"https:\/\/traumatologas.lt\/index.php?rest_route=\/wp\/v2\/pages"}],"about":[{"href":"https:\/\/traumatologas.lt\/index.php?rest_route=\/wp\/v2\/types\/page"}],"author":[{"embeddable":true,"href":"https:\/\/traumatologas.lt\/index.php?rest_route=\/wp\/v2\/users\/1"}],"replies":[{"embeddable":true,"href":"https:\/\/traumatologas.lt\/index.php?rest_route=%2Fwp%2Fv2%2Fcomments&post=165"}],"version-history":[{"count":6,"href":"https:\/\/traumatologas.lt\/index.php?rest_route=\/wp\/v2\/pages\/165\/revisions"}],"predecessor-version":[{"id":168,"href":"https:\/\/traumatologas.lt\/index.php?rest_route=\/wp\/v2\/pages\/165\/revisions\/168"}],"wp:attachment":[{"href":"https:\/\/traumatologas.lt\/index.php?rest_route=%2Fwp%2Fv2%2Fmedia&parent=165"}],"curies":[{"name":"wp","href":"https:\/\/api.w.org\/{rel}","templated":true}]}}