{"id":28,"date":"2011-07-31T08:34:15","date_gmt":"2011-07-31T05:34:15","guid":{"rendered":"http:\/\/traumatologas.lt\/?page_id=28"},"modified":"2014-03-10T23:17:30","modified_gmt":"2014-03-10T20:17:30","slug":"kaulu-luziai-neoperuoti","status":"publish","type":"page","link":"https:\/\/traumatologas.lt\/?page_id=28","title":{"rendered":"Kaul\u0173 l\u016b\u017eiai (neoperuoti)"},"content":{"rendered":"<p>Kai kurie kaul\u0173 l\u016b\u017eiai, priklausomai nuo l\u016b\u017eio tipo, l\u016b\u017egali\u0173 pad\u0117ties, paciento am\u017eiaus ir daugelio kit\u0173 aplinkybi\u0173, kurias vertina gydytojas, yra gydomi imobilizacija (gipsinis arba polimerinis (plastikinis) \u012ftvaras).<\/p>\n<p>Rekomendacijos:<\/p>\n<p>Imobilizuojama gipsiniu \u012ftvaru arba ortopediniu plastikiniu \u012ftvaru.<\/p>\n<p>Taikyti \u0161al\u010dio kompresus traumuotai sri\u010diai 3-4 dienas po traumos. \u0160al\u010dio kompresas dedamas ant odos per rank\u0161luost\u012f ar kit\u0105 med\u017eiagin\u012f audin\u012f, ne\u0161lapinant pa\u017eeistos srities. \u0160altis laikomas kelet\u0105 minu\u010di\u0173, nereikia pa\u017eeistos srities su\u0161aldyti, tikslas tik atv\u0117sinti, kad suma\u017e\u0117t\u0173 patinimas, nery\u0161k\u0117t\u0173 kraujosr\u016bva. \u0160al\u010dio kompresus galima taikyti kelet\u0105 kart\u0173 per valand\u0105.<\/p>\n<p>Traumuot\u0105 gal\u016bn\u0119 laikyti pakelt\u0105. Jeigu traumuota koja, reik\u0117t\u0173 s\u0117dint ar gulint j\u0105 pakelti, jei traumuota ranka\u2013 pasiri\u0161ti su patogiu audiniu po kaklu, gulint pakelti ant pagalv\u0117s.<\/p>\n<p>Skausmo metu rekomenduojama vartoti nesteroidinius vaistus nuo u\u017edegimo (analgetikus).<\/p>\n<p>Riboti kr\u016bv\u012f traumuotai gal\u016bnei, esant stipriems skausmams kojoje- neminti, vaik\u0161\u010dioti su ramentais. Jei traumuota ranka\u2013 nieko sunkaus nekelti, \u0161ia ranka nesiremti.<\/p>\n<ul>\n<li>Imobilizacija.<\/li>\n<li>\u0160altis vieti\u0161kai.<\/li>\n<li>Analgetikai.<\/li>\n<li>Gal\u016bn\u0117s pak\u0117limas<\/li>\n<li>Ramyb\u0117.<\/li>\n<\/ul>\n","protected":false},"excerpt":{"rendered":"<p>Kai kurie kaul\u0173 l\u016b\u017eiai, priklausomai nuo l\u016b\u017eio tipo, l\u016b\u017egali\u0173 pad\u0117ties, paciento am\u017eiaus ir daugelio kit\u0173 aplinkybi\u0173, kurias vertina gydytojas, yra gydomi imobilizacija (gipsinis arba polimerinis (plastikinis) \u012ftvaras). Rekomendacijos: Imobilizuojama gipsiniu \u012ftvaru arba ortopediniu plastikiniu \u012ftvaru. Taikyti \u0161al\u010dio kompresus traumuotai sri\u010diai 3-4 dienas po traumos. \u0160al\u010dio kompresas dedamas ant odos per rank\u0161luost\u012f ar kit\u0105 med\u017eiagin\u012f audin\u012f, &hellip; <a href=\"https:\/\/traumatologas.lt\/?page_id=28\" class=\"more-link\">Continue reading <span class=\"screen-reader-text\">Kaul\u0173 l\u016b\u017eiai (neoperuoti)<\/span> <span class=\"meta-nav\">&rarr;<\/span><\/a><\/p>\n","protected":false},"author":1,"featured_media":0,"parent":6,"menu_order":0,"comment_status":"closed","ping_status":"closed","template":"","meta":{"footnotes":""},"class_list":["post-28","page","type-page","status-publish","hentry"],"_links":{"self":[{"href":"https:\/\/traumatologas.lt\/index.php?rest_route=\/wp\/v2\/pages\/28","targetHints":{"allow":["GET"]}}],"collection":[{"href":"https:\/\/traumatologas.lt\/index.php?rest_route=\/wp\/v2\/pages"}],"about":[{"href":"https:\/\/traumatologas.lt\/index.php?rest_route=\/wp\/v2\/types\/page"}],"author":[{"embeddable":true,"href":"https:\/\/traumatologas.lt\/index.php?rest_route=\/wp\/v2\/users\/1"}],"replies":[{"embeddable":true,"href":"https:\/\/traumatologas.lt\/index.php?rest_route=%2Fwp%2Fv2%2Fcomments&post=28"}],"version-history":[{"count":9,"href":"https:\/\/traumatologas.lt\/index.php?rest_route=\/wp\/v2\/pages\/28\/revisions"}],"predecessor-version":[{"id":157,"href":"https:\/\/traumatologas.lt\/index.php?rest_route=\/wp\/v2\/pages\/28\/revisions\/157"}],"up":[{"embeddable":true,"href":"https:\/\/traumatologas.lt\/index.php?rest_route=\/wp\/v2\/pages\/6"}],"wp:attachment":[{"href":"https:\/\/traumatologas.lt\/index.php?rest_route=%2Fwp%2Fv2%2Fmedia&parent=28"}],"curies":[{"name":"wp","href":"https:\/\/api.w.org\/{rel}","templated":true}]}}